{"id":7254,"date":"2023-02-10T20:51:36","date_gmt":"2023-02-11T01:51:36","guid":{"rendered":"https:\/\/mahingan.les4as.ca\/?page_id=7254"},"modified":"2023-02-13T20:35:08","modified_gmt":"2023-02-14T01:35:08","slug":"pn-daiguebelle","status":"publish","type":"page","link":"https:\/\/mahingan.les4as.ca\/?page_id=7254","title":{"rendered":"PN D&rsquo;Aiguebelle"},"content":{"rendered":"\n<p>Ce parc national fut cr\u00e9\u00e9 le 2&nbsp;f\u00e9vrier&nbsp;1985. Il est situ\u00e9 \u00e0 50&nbsp;km au nord-est de Rouyn-Noranda et \u00e0 90&nbsp;km de la fronti\u00e8re ontarienne, dans la r\u00e9gion touristique de l&rsquo;Abitibi-T\u00e9miscamingue. Ce parc a toujours attir\u00e9 mon attention et c\u2019est pendant l\u2019\u00e9t\u00e9 2022 que nous d\u00e9cidons d\u2019aller l\u2019explorer. Vous trouverez sous cette section tous les sentiers que nous avons explor\u00e9s avec grand plaisir.<\/p>\n\n\n\n<p>Bonne lecture!<\/p>\n\n\n\n<hr class=\"wp-block-separator aligncenter has-alpha-channel-opacity is-style-wide\"\/>\n\n\n\n<p>Notes :<\/p>\n\n\n\n<p>\u00ab PN \u00bb est l\u2019abr\u00e9viation pour \u00ab parc national \u00bb.<\/p>\n","protected":false},"excerpt":{"rendered":"<p>Ce parc national fut cr\u00e9\u00e9 le 2&nbsp;f\u00e9vrier&nbsp;1985. Il est situ\u00e9 \u00e0 50&nbsp;km au nord-est de Rouyn-Noranda et \u00e0 90&nbsp;km de la fronti\u00e8re ontarienne, dans la r\u00e9gion touristique de l&rsquo;Abitibi-T\u00e9miscamingue. Ce parc a toujours attir\u00e9 mon attention et c\u2019est pendant l\u2019\u00e9t\u00e9 2022 que nous d\u00e9cidons d\u2019aller l\u2019explorer. Vous trouverez sous cette section tous les sentiers que nous avons explor\u00e9s avec grand plaisir. Bonne lecture! Notes : \u00ab PN \u00bb est l\u2019abr\u00e9viation pour \u00ab parc national \u00bb.<\/p>\n","protected":false},"author":1,"featured_media":0,"parent":0,"menu_order":0,"comment_status":"open","ping_status":"closed","template":"","meta":{"footnotes":""},"class_list":["post-7254","page","type-page","status-publish","hentry"],"_links":{"self":[{"href":"https:\/\/mahingan.les4as.ca\/index.php?rest_route=\/wp\/v2\/pages\/7254","targetHints":{"allow":["GET"]}}],"collection":[{"href":"https:\/\/mahingan.les4as.ca\/index.php?rest_route=\/wp\/v2\/pages"}],"about":[{"href":"https:\/\/mahingan.les4as.ca\/index.php?rest_route=\/wp\/v2\/types\/page"}],"author":[{"embeddable":true,"href":"https:\/\/mahingan.les4as.ca\/index.php?rest_route=\/wp\/v2\/users\/1"}],"replies":[{"embeddable":true,"href":"https:\/\/mahingan.les4as.ca\/index.php?rest_route=%2Fwp%2Fv2%2Fcomments&post=7254"}],"version-history":[{"count":3,"href":"https:\/\/mahingan.les4as.ca\/index.php?rest_route=\/wp\/v2\/pages\/7254\/revisions"}],"predecessor-version":[{"id":7258,"href":"https:\/\/mahingan.les4as.ca\/index.php?rest_route=\/wp\/v2\/pages\/7254\/revisions\/7258"}],"wp:attachment":[{"href":"https:\/\/mahingan.les4as.ca\/index.php?rest_route=%2Fwp%2Fv2%2Fmedia&parent=7254"}],"curies":[{"name":"wp","href":"https:\/\/api.w.org\/{rel}","templated":true}]}}