{"id":1580,"date":"2017-09-01T20:46:06","date_gmt":"2017-09-02T00:46:06","guid":{"rendered":"http:\/\/mahingan.mooo.com\/wp\/?page_id=1580"},"modified":"2018-10-17T20:49:06","modified_gmt":"2018-10-18T00:49:06","slug":"sentier-lac-solitaire-piste-13","status":"publish","type":"page","link":"https:\/\/mahingan.les4as.ca\/?page_id=1580","title":{"rendered":"Sentier Lac-Solitaire (Piste #13)"},"content":{"rendered":"<h1>R\u00e9sum\u00e9 de la randonn\u00e9e<\/h1>\n<p>Au pavillon de services du secteur Rivi\u00e8re-\u00e0-la-P\u00eache du parc national du Canada de la Mauricie, il est possible d\u2019explorer plusieurs sentiers p\u00e9destres qui sont tous de niveau interm\u00e9diaire.<\/p>\n<ul>\n<li>Sentier #13, Lac-Solitaire<\/li>\n<li>Sentier #14, Ruisseau-Bouchard<\/li>\n<li>Sentier #15, Lac-du-Pimbina<\/li>\n<\/ul>\n<p>Il y a aussi un petit sentier d\u2019environ 2 kilom\u00e8tres qui relie le camping du secteur Rivi\u00e8re-\u00e0-la-P\u00eache au pavillon de services. C\u2019est ce sentier que j\u2019emprunte lorsque j\u2019ai besoin d\u2019obtenir une connexion wi-fi. Notez que c\u2019est le seul endroit dans le parc o\u00f9 un r\u00e9seau internet est disponible. Le stationnement est situ\u00e9 tout pr\u00e8s du d\u00e9but des sentiers au pavillon de services du secteur Rivi\u00e8re-\u00e0-la-P\u00eache.<\/p>\n<p>Afin de tester notre nouvelle strat\u00e9gie en randonn\u00e9e et de casser nos nouvelles bottes de marche, nous d\u00e9cidons d\u2019attaquer le sentier du lac Solitaire. Le sentier est bien entretenu, bien balis\u00e9 et il y a m\u00eame aux endroits difficiles du mat\u00e9riel install\u00e9, comme par exemple des cordages pour nous aider \u00e0 poursuivre notre randonn\u00e9e en toute s\u00e9curit\u00e9. La premi\u00e8re mont\u00e9e nous am\u00e8ne vers le premier point d\u2019observation qui nous donne un point de vue sur la rivi\u00e8re Saint-Maurice. Au deuxi\u00e8me point d\u2019observation, un banc confortable attend les randonneurs pour une pause contemplative du lac Solitaire. Apr\u00e8s cette petite pause, nous descendons dans sa direction et nous contournons un marais pour ensuite avoir une vue panoramique sur le lac. La seconde mont\u00e9e nous permet d\u2019atteindre le dernier point d\u2019observation, soit un magnifique point de vue sur le lac aux Chevaux et, au milieu du lac, une petite \u00eele. C\u2019est \u00e0 cet endroit que nous trouvons les fameuses chaises rouges!<\/p>\n<p>Pour ceux qui ne connaissent pas les chaises rouges des parcs Canada, que signifient-t-elles? Eh bien, les chaises rouges ont pour but de rapprocher les visiteurs de la nature et du patrimoine. Install\u00e9es pour observer les plus beaux endroits du Canada, elles permettent de vivre une exp\u00e9rience m\u00e9morable. Pour plus d\u2019informations sur les chaises rouges et leurs emplacements, visiter le site Web des <a href=\"http:\/\/www.pc.gc.ca\/fra\/voyage-travel\/serapprocher-connect-twitter.aspx\">parcs Canada<\/a>.<\/p>\n<p>Dans le parc national du Canada de la Mauricie, il y a trois endroits o\u00f9 l\u2019on peut d\u00e9couvrir les chaises rouges.<\/p>\n<ol>\n<li>Le belv\u00e9d\u00e8re du Lac aux Chevaux : Situ\u00e9es dans le sentier du Lac Solitaire, les chaises rouges offrent une vue imprenable sur le lac aux Chevaux.<\/li>\n<li>La pointe du Vide-Bouteille : Situ\u00e9es en lisi\u00e8re de la plage du Vide-Bouteille, les chaises rouges offrent une vue du lac Wapizagonke.<\/li>\n<li>Le belv\u00e9d\u00e8re du lac Rosoy : Situ\u00e9es dans le sentier M\u00e9kinac au belv\u00e9d\u00e8re du lac Rosoy, les chaises rouges offrent une vue imprenable sur la rivi\u00e8re Saint-Maurice.<\/li>\n<\/ol>\n<p>Nous quittons le dernier point d\u2019observation pour retourner tranquillement au pavillon de services. Nous sommes agr\u00e9ablement surpris du confort que nous ont procur\u00e9 nos nouvelles bottes. Nous avons trouv\u00e9 la randonn\u00e9e agr\u00e9able et demain, si la temp\u00e9rature le permet, nous sillonnerons un nouveau tron\u00e7on du sentier national au Qu\u00e9bec!<\/p>\n<h1>Informations sur la randonn\u00e9e<\/h1>\n<p><strong>Date :<\/strong> 13 juin 2017<\/p>\n<p><strong>M\u00e9t\u00e9o :<\/strong> Ensoleill\u00e9, 24\u00b0C.<\/p>\n<p><strong>Nombre de caches cherch\u00e9es :<\/strong> 0<\/p>\n<p><strong>Nombre de caches trouv\u00e9es :<\/strong> 0<\/p>\n<p><strong>Distance :<\/strong> 6.6 Kilom\u00e8tres<\/p>\n<p><strong>Stationnement :<\/strong> Au pavillon de services du secteur Rivi\u00e8re-\u00e0-la-P\u00eache du parc national du Canada de la Mauricie.<\/p>\n<p><strong>Coordonn\u00e9e GPS du stationnement :<\/strong> N 46\u00b045.376&prime; W 072\u00b048.689&prime;<\/p>\n<p><strong>Lien vers la carte du sentier :<\/strong> <a href=\"\/wp-content\/uploads\/cartes\/SentiersParcNationalMauricie\/Carte_Solitaire_rando_web_2017.pdf\" rel=\"noopener noreferrer\">Sentier Lac-Solitaire<\/a><\/p>\n<p><strong>Lien vers le profil du sentier :<\/strong> <a href=\"\/wp-content\/uploads\/2017\/08\/Profil_SentierLacSolitaire.jpg\" rel=\"noopener noreferrer\">Profil du sentier Lac-Solitaire<\/a><\/p>\n<p style=\"text-align: left;\"><strong>Fichier gpx pour le GPS :<\/strong> <a href=\"\/wp-content\/uploads\/gpx\/Track_Sentier_Lac_Solitaire.gpx\" rel=\"noopener noreferrer\">Track_Sentier_Lac_Solitaire.gpx<\/a><\/p>\n<p style=\"text-align: left;\"><strong>Parcours :<\/strong> Boucle<\/p>\n<p style=\"text-align: left;\"><strong>Temps total pour la randonn\u00e9e :<\/strong> 3 heures 10 minutes<\/p>\n<p style=\"text-align: left;\"><strong>Temps de d\u00e9placement :<\/strong> 2 heures 6 minutes<\/p>\n<p style=\"text-align: left;\"><strong>Temps d&rsquo;arr\u00eat :<\/strong> 1 heures 4 minutes<\/p>\n<figure id=\"attachment_1592\" aria-describedby=\"caption-attachment-1592\" style=\"width: 640px\" class=\"wp-caption aligncenter\"><a href=\"\/wp-content\/uploads\/2017\/08\/TraceGPS_SentierLacSolitaire.jpg\" rel=\"noopener noreferrer\"><img loading=\"lazy\" decoding=\"async\" class=\"wp-image-1592 size-large\" src=\"\/wp-content\/uploads\/2017\/08\/TraceGPS_SentierLacSolitaire-1024x715.jpg\" alt=\"\" width=\"640\" height=\"447\" srcset=\"https:\/\/mahingan.les4as.ca\/wp-content\/uploads\/2017\/08\/TraceGPS_SentierLacSolitaire-1024x715.jpg 1024w, https:\/\/mahingan.les4as.ca\/wp-content\/uploads\/2017\/08\/TraceGPS_SentierLacSolitaire-300x209.jpg 300w, https:\/\/mahingan.les4as.ca\/wp-content\/uploads\/2017\/08\/TraceGPS_SentierLacSolitaire-768x536.jpg 768w, https:\/\/mahingan.les4as.ca\/wp-content\/uploads\/2017\/08\/TraceGPS_SentierLacSolitaire-387x270.jpg 387w, https:\/\/mahingan.les4as.ca\/wp-content\/uploads\/2017\/08\/TraceGPS_SentierLacSolitaire.jpg 1074w\" sizes=\"auto, (max-width: 640px) 100vw, 640px\" \/><\/a><figcaption id=\"caption-attachment-1592\" class=\"wp-caption-text\">Trac\u00e9 GPS de la randonn\u00e9e sur le sentier Lac-Solitaire (Piste #13).<\/figcaption><\/figure>\n<h1>Photos de la randonn\u00e9e<\/h1>\n<figure id=\"attachment_1563\" aria-describedby=\"caption-attachment-1563\" style=\"width: 640px\" class=\"wp-caption aligncenter\"><a href=\"\/wp-content\/uploads\/2017\/08\/DSCN2015.jpg\" rel=\"noopener noreferrer\"><img loading=\"lazy\" decoding=\"async\" class=\"wp-image-1563 size-large\" src=\"\/wp-content\/uploads\/2017\/08\/DSCN2015-768x1024.jpg\" alt=\"\" width=\"640\" height=\"853\" srcset=\"https:\/\/mahingan.les4as.ca\/wp-content\/uploads\/2017\/08\/DSCN2015-768x1024.jpg 768w, https:\/\/mahingan.les4as.ca\/wp-content\/uploads\/2017\/08\/DSCN2015-225x300.jpg 225w, https:\/\/mahingan.les4as.ca\/wp-content\/uploads\/2017\/08\/DSCN2015-203x270.jpg 203w, https:\/\/mahingan.les4as.ca\/wp-content\/uploads\/2017\/08\/DSCN2015.jpg 900w\" sizes=\"auto, (max-width: 640px) 100vw, 640px\" \/><\/a><figcaption id=\"caption-attachment-1563\" class=\"wp-caption-text\">Le d\u00e9but du sentier.<br \/> N 46\u00b045.365&prime; W 072\u00b048.775&prime;<\/figcaption><\/figure>\n<figure id=\"attachment_1565\" aria-describedby=\"caption-attachment-1565\" style=\"width: 640px\" class=\"wp-caption aligncenter\"><a href=\"\/wp-content\/uploads\/2017\/08\/DSCN2019.jpg\" rel=\"noopener noreferrer\"><img loading=\"lazy\" decoding=\"async\" class=\"wp-image-1565 size-large\" src=\"\/wp-content\/uploads\/2017\/08\/DSCN2019-1024x768.jpg\" alt=\"\" width=\"640\" height=\"480\" srcset=\"https:\/\/mahingan.les4as.ca\/wp-content\/uploads\/2017\/08\/DSCN2019-1024x768.jpg 1024w, https:\/\/mahingan.les4as.ca\/wp-content\/uploads\/2017\/08\/DSCN2019-300x225.jpg 300w, https:\/\/mahingan.les4as.ca\/wp-content\/uploads\/2017\/08\/DSCN2019-768x576.jpg 768w, https:\/\/mahingan.les4as.ca\/wp-content\/uploads\/2017\/08\/DSCN2019-360x270.jpg 360w, https:\/\/mahingan.les4as.ca\/wp-content\/uploads\/2017\/08\/DSCN2019.jpg 1200w\" sizes=\"auto, (max-width: 640px) 100vw, 640px\" \/><\/a><figcaption id=\"caption-attachment-1565\" class=\"wp-caption-text\">Le premier point d&rsquo;observation.<br \/> N 46\u00b045.284&prime; W 072\u00b049.309&prime;<\/figcaption><\/figure>\n<figure id=\"attachment_1564\" aria-describedby=\"caption-attachment-1564\" style=\"width: 640px\" class=\"wp-caption aligncenter\"><a href=\"\/wp-content\/uploads\/2017\/08\/DSCN2017.jpg\" rel=\"noopener noreferrer\"><img loading=\"lazy\" decoding=\"async\" class=\"wp-image-1564 size-large\" src=\"\/wp-content\/uploads\/2017\/08\/DSCN2017-1024x768.jpg\" alt=\"\" width=\"640\" height=\"480\" srcset=\"https:\/\/mahingan.les4as.ca\/wp-content\/uploads\/2017\/08\/DSCN2017-1024x768.jpg 1024w, https:\/\/mahingan.les4as.ca\/wp-content\/uploads\/2017\/08\/DSCN2017-300x225.jpg 300w, https:\/\/mahingan.les4as.ca\/wp-content\/uploads\/2017\/08\/DSCN2017-768x576.jpg 768w, https:\/\/mahingan.les4as.ca\/wp-content\/uploads\/2017\/08\/DSCN2017-360x270.jpg 360w, https:\/\/mahingan.les4as.ca\/wp-content\/uploads\/2017\/08\/DSCN2017.jpg 1200w\" sizes=\"auto, (max-width: 640px) 100vw, 640px\" \/><\/a><figcaption id=\"caption-attachment-1564\" class=\"wp-caption-text\">Vue sur la rivi\u00e8re Saint-Maurice au premier point d&rsquo;observation.<br \/> N 46\u00b045.284&prime; W 072\u00b049.309&prime;<\/figcaption><\/figure>\n<figure id=\"attachment_1566\" aria-describedby=\"caption-attachment-1566\" style=\"width: 640px\" class=\"wp-caption aligncenter\"><a href=\"\/wp-content\/uploads\/2017\/08\/DSCN2020.jpg\" rel=\"noopener noreferrer\"><img loading=\"lazy\" decoding=\"async\" class=\"wp-image-1566 size-large\" src=\"\/wp-content\/uploads\/2017\/08\/DSCN2020-1024x768.jpg\" alt=\"\" width=\"640\" height=\"480\" srcset=\"https:\/\/mahingan.les4as.ca\/wp-content\/uploads\/2017\/08\/DSCN2020-1024x768.jpg 1024w, https:\/\/mahingan.les4as.ca\/wp-content\/uploads\/2017\/08\/DSCN2020-300x225.jpg 300w, https:\/\/mahingan.les4as.ca\/wp-content\/uploads\/2017\/08\/DSCN2020-768x576.jpg 768w, https:\/\/mahingan.les4as.ca\/wp-content\/uploads\/2017\/08\/DSCN2020-360x270.jpg 360w, https:\/\/mahingan.les4as.ca\/wp-content\/uploads\/2017\/08\/DSCN2020.jpg 1200w\" sizes=\"auto, (max-width: 640px) 100vw, 640px\" \/><\/a><figcaption id=\"caption-attachment-1566\" class=\"wp-caption-text\">Premi\u00e8re randonn\u00e9e pour casser mes nouvelles bottes de marche.<br \/> N 46\u00b045.284&prime; W 072\u00b049.309&prime;<\/figcaption><\/figure>\n<figure id=\"attachment_1567\" aria-describedby=\"caption-attachment-1567\" style=\"width: 640px\" class=\"wp-caption aligncenter\"><a href=\"\/wp-content\/uploads\/2017\/08\/DSCN2022.jpg\" rel=\"noopener noreferrer\"><img loading=\"lazy\" decoding=\"async\" class=\"wp-image-1567 size-large\" src=\"\/wp-content\/uploads\/2017\/08\/DSCN2022-1024x768.jpg\" alt=\"\" width=\"640\" height=\"480\" srcset=\"https:\/\/mahingan.les4as.ca\/wp-content\/uploads\/2017\/08\/DSCN2022-1024x768.jpg 1024w, https:\/\/mahingan.les4as.ca\/wp-content\/uploads\/2017\/08\/DSCN2022-300x225.jpg 300w, https:\/\/mahingan.les4as.ca\/wp-content\/uploads\/2017\/08\/DSCN2022-768x576.jpg 768w, https:\/\/mahingan.les4as.ca\/wp-content\/uploads\/2017\/08\/DSCN2022-360x270.jpg 360w, https:\/\/mahingan.les4as.ca\/wp-content\/uploads\/2017\/08\/DSCN2022.jpg 1200w\" sizes=\"auto, (max-width: 640px) 100vw, 640px\" \/><\/a><figcaption id=\"caption-attachment-1567\" class=\"wp-caption-text\">Point de vue sur le lac Solitaire.<br \/> N 46\u00b045.054&prime; W 072\u00b049.575&prime;<\/figcaption><\/figure>\n<figure id=\"attachment_1568\" aria-describedby=\"caption-attachment-1568\" style=\"width: 640px\" class=\"wp-caption aligncenter\"><a href=\"\/wp-content\/uploads\/2017\/08\/DSCN2025.jpg\" rel=\"noopener noreferrer\"><img loading=\"lazy\" decoding=\"async\" class=\"wp-image-1568 size-large\" src=\"\/wp-content\/uploads\/2017\/08\/DSCN2025-1024x768.jpg\" alt=\"\" width=\"640\" height=\"480\" srcset=\"https:\/\/mahingan.les4as.ca\/wp-content\/uploads\/2017\/08\/DSCN2025-1024x768.jpg 1024w, https:\/\/mahingan.les4as.ca\/wp-content\/uploads\/2017\/08\/DSCN2025-300x225.jpg 300w, https:\/\/mahingan.les4as.ca\/wp-content\/uploads\/2017\/08\/DSCN2025-768x576.jpg 768w, https:\/\/mahingan.les4as.ca\/wp-content\/uploads\/2017\/08\/DSCN2025-360x270.jpg 360w, https:\/\/mahingan.les4as.ca\/wp-content\/uploads\/2017\/08\/DSCN2025.jpg 1200w\" sizes=\"auto, (max-width: 640px) 100vw, 640px\" \/><\/a><figcaption id=\"caption-attachment-1568\" class=\"wp-caption-text\">Du point d&rsquo;observation, Pijiw contemple le lac Solitaire.<br \/> N 46\u00b045.054&prime; W 072\u00b049.575&prime;<\/figcaption><\/figure>\n<figure id=\"attachment_1571\" aria-describedby=\"caption-attachment-1571\" style=\"width: 640px\" class=\"wp-caption aligncenter\"><a href=\"\/wp-content\/uploads\/2017\/08\/DSCN2029.jpg\" rel=\"noopener noreferrer\"><img loading=\"lazy\" decoding=\"async\" class=\"wp-image-1571 size-large\" src=\"\/wp-content\/uploads\/2017\/08\/DSCN2029-768x1024.jpg\" alt=\"\" width=\"640\" height=\"853\" srcset=\"https:\/\/mahingan.les4as.ca\/wp-content\/uploads\/2017\/08\/DSCN2029-768x1024.jpg 768w, https:\/\/mahingan.les4as.ca\/wp-content\/uploads\/2017\/08\/DSCN2029-225x300.jpg 225w, https:\/\/mahingan.les4as.ca\/wp-content\/uploads\/2017\/08\/DSCN2029-203x270.jpg 203w, https:\/\/mahingan.les4as.ca\/wp-content\/uploads\/2017\/08\/DSCN2029.jpg 900w\" sizes=\"auto, (max-width: 640px) 100vw, 640px\" \/><\/a><figcaption id=\"caption-attachment-1571\" class=\"wp-caption-text\">Ouah! La mont\u00e9e sera pas facile.<br \/> N 46\u00b044.903&prime; W 072\u00b049.853&prime;<\/figcaption><\/figure>\n<figure id=\"attachment_1569\" aria-describedby=\"caption-attachment-1569\" style=\"width: 640px\" class=\"wp-caption aligncenter\"><a href=\"\/wp-content\/uploads\/2017\/08\/DSCN2026.jpg\" rel=\"noopener noreferrer\"><img loading=\"lazy\" decoding=\"async\" class=\"wp-image-1569 size-large\" src=\"\/wp-content\/uploads\/2017\/08\/DSCN2026-1024x768.jpg\" alt=\"\" width=\"640\" height=\"480\" srcset=\"https:\/\/mahingan.les4as.ca\/wp-content\/uploads\/2017\/08\/DSCN2026-1024x768.jpg 1024w, https:\/\/mahingan.les4as.ca\/wp-content\/uploads\/2017\/08\/DSCN2026-300x225.jpg 300w, https:\/\/mahingan.les4as.ca\/wp-content\/uploads\/2017\/08\/DSCN2026-768x576.jpg 768w, https:\/\/mahingan.les4as.ca\/wp-content\/uploads\/2017\/08\/DSCN2026-360x270.jpg 360w, https:\/\/mahingan.les4as.ca\/wp-content\/uploads\/2017\/08\/DSCN2026.jpg 1200w\" sizes=\"auto, (max-width: 640px) 100vw, 640px\" \/><\/a><figcaption id=\"caption-attachment-1569\" class=\"wp-caption-text\">Heureusement qu&rsquo;il y a deux cordes pour prendre appui.<br \/> N 46\u00b044.903&prime; W 072\u00b049.853&prime;<\/figcaption><\/figure>\n<figure id=\"attachment_1570\" aria-describedby=\"caption-attachment-1570\" style=\"width: 640px\" class=\"wp-caption aligncenter\"><a href=\"\/wp-content\/uploads\/2017\/08\/DSCN2027.jpg\" rel=\"noopener noreferrer\"><img loading=\"lazy\" decoding=\"async\" class=\"wp-image-1570 size-large\" src=\"\/wp-content\/uploads\/2017\/08\/DSCN2027-1024x768.jpg\" alt=\"\" width=\"640\" height=\"480\" srcset=\"https:\/\/mahingan.les4as.ca\/wp-content\/uploads\/2017\/08\/DSCN2027-1024x768.jpg 1024w, https:\/\/mahingan.les4as.ca\/wp-content\/uploads\/2017\/08\/DSCN2027-300x225.jpg 300w, https:\/\/mahingan.les4as.ca\/wp-content\/uploads\/2017\/08\/DSCN2027-768x576.jpg 768w, https:\/\/mahingan.les4as.ca\/wp-content\/uploads\/2017\/08\/DSCN2027-360x270.jpg 360w, https:\/\/mahingan.les4as.ca\/wp-content\/uploads\/2017\/08\/DSCN2027.jpg 1200w\" sizes=\"auto, (max-width: 640px) 100vw, 640px\" \/><\/a><figcaption id=\"caption-attachment-1570\" class=\"wp-caption-text\">Quand faut y aller, faut y aller!<br \/> N 46\u00b044.903&prime; W 072\u00b049.853&prime;<\/figcaption><\/figure>\n<figure id=\"attachment_1572\" aria-describedby=\"caption-attachment-1572\" style=\"width: 640px\" class=\"wp-caption aligncenter\"><a href=\"\/wp-content\/uploads\/2017\/08\/DSCN2030.jpg\" rel=\"noopener noreferrer\"><img loading=\"lazy\" decoding=\"async\" class=\"wp-image-1572 size-large\" src=\"\/wp-content\/uploads\/2017\/08\/DSCN2030-1024x768.jpg\" alt=\"\" width=\"640\" height=\"480\" srcset=\"https:\/\/mahingan.les4as.ca\/wp-content\/uploads\/2017\/08\/DSCN2030-1024x768.jpg 1024w, https:\/\/mahingan.les4as.ca\/wp-content\/uploads\/2017\/08\/DSCN2030-300x225.jpg 300w, https:\/\/mahingan.les4as.ca\/wp-content\/uploads\/2017\/08\/DSCN2030-768x576.jpg 768w, https:\/\/mahingan.les4as.ca\/wp-content\/uploads\/2017\/08\/DSCN2030-360x270.jpg 360w, https:\/\/mahingan.les4as.ca\/wp-content\/uploads\/2017\/08\/DSCN2030.jpg 1200w\" sizes=\"auto, (max-width: 640px) 100vw, 640px\" \/><\/a><figcaption id=\"caption-attachment-1572\" class=\"wp-caption-text\">Un marais tout pr\u00e8s du lac Solitaire.<br \/> N 46\u00b045.057&prime; W 072\u00b049.956&prime;<\/figcaption><\/figure>\n<figure id=\"attachment_1573\" aria-describedby=\"caption-attachment-1573\" style=\"width: 640px\" class=\"wp-caption aligncenter\"><a href=\"\/wp-content\/uploads\/2017\/08\/DSCN2032.jpg\" rel=\"noopener noreferrer\"><img loading=\"lazy\" decoding=\"async\" class=\"wp-image-1573 size-large\" src=\"\/wp-content\/uploads\/2017\/08\/DSCN2032-1024x768.jpg\" alt=\"\" width=\"640\" height=\"480\" srcset=\"https:\/\/mahingan.les4as.ca\/wp-content\/uploads\/2017\/08\/DSCN2032-1024x768.jpg 1024w, https:\/\/mahingan.les4as.ca\/wp-content\/uploads\/2017\/08\/DSCN2032-300x225.jpg 300w, https:\/\/mahingan.les4as.ca\/wp-content\/uploads\/2017\/08\/DSCN2032-768x576.jpg 768w, https:\/\/mahingan.les4as.ca\/wp-content\/uploads\/2017\/08\/DSCN2032-360x270.jpg 360w, https:\/\/mahingan.les4as.ca\/wp-content\/uploads\/2017\/08\/DSCN2032.jpg 1200w\" sizes=\"auto, (max-width: 640px) 100vw, 640px\" \/><\/a><figcaption id=\"caption-attachment-1573\" class=\"wp-caption-text\">Sur le bord du marais, j&rsquo;observe une belle grenouille verte.<br \/> N 46\u00b045.057&prime; W 072\u00b049.956&prime;<\/figcaption><\/figure>\n<figure id=\"attachment_1579\" aria-describedby=\"caption-attachment-1579\" style=\"width: 640px\" class=\"wp-caption aligncenter\"><a href=\"\/wp-content\/uploads\/2017\/08\/LacSolitairePanoramique.jpg\" rel=\"noopener noreferrer\"><img loading=\"lazy\" decoding=\"async\" class=\"wp-image-1579 size-large\" src=\"http:\/\/mahingan.mooo.com\/wp-content\/uploads\/2017\/08\/LacSolitairePanoramique-1024x311.jpg\" alt=\"\" width=\"640\" height=\"194\" srcset=\"https:\/\/mahingan.les4as.ca\/wp-content\/uploads\/2017\/08\/LacSolitairePanoramique-1024x311.jpg 1024w, https:\/\/mahingan.les4as.ca\/wp-content\/uploads\/2017\/08\/LacSolitairePanoramique-300x91.jpg 300w, https:\/\/mahingan.les4as.ca\/wp-content\/uploads\/2017\/08\/LacSolitairePanoramique-768x233.jpg 768w, https:\/\/mahingan.les4as.ca\/wp-content\/uploads\/2017\/08\/LacSolitairePanoramique-604x183.jpg 604w, https:\/\/mahingan.les4as.ca\/wp-content\/uploads\/2017\/08\/LacSolitairePanoramique.jpg 1200w\" sizes=\"auto, (max-width: 640px) 100vw, 640px\" \/><\/a><figcaption id=\"caption-attachment-1579\" class=\"wp-caption-text\">La vue panoramique du lac Solitaire.<br \/>N 46\u00b045.038&prime; W 072\u00b049.894&prime;<\/figcaption><\/figure>\n<figure id=\"attachment_1576\" aria-describedby=\"caption-attachment-1576\" style=\"width: 640px\" class=\"wp-caption aligncenter\"><a href=\"\/wp-content\/uploads\/2017\/08\/DSCN2038.jpg\" rel=\"noopener noreferrer\"><img loading=\"lazy\" decoding=\"async\" class=\"wp-image-1576 size-large\" src=\"\/wp-content\/uploads\/2017\/08\/DSCN2038-1024x768.jpg\" alt=\"\" width=\"640\" height=\"480\" srcset=\"https:\/\/mahingan.les4as.ca\/wp-content\/uploads\/2017\/08\/DSCN2038-1024x768.jpg 1024w, https:\/\/mahingan.les4as.ca\/wp-content\/uploads\/2017\/08\/DSCN2038-300x225.jpg 300w, https:\/\/mahingan.les4as.ca\/wp-content\/uploads\/2017\/08\/DSCN2038-768x576.jpg 768w, https:\/\/mahingan.les4as.ca\/wp-content\/uploads\/2017\/08\/DSCN2038-360x270.jpg 360w, https:\/\/mahingan.les4as.ca\/wp-content\/uploads\/2017\/08\/DSCN2038.jpg 1200w\" sizes=\"auto, (max-width: 640px) 100vw, 640px\" \/><\/a><figcaption id=\"caption-attachment-1576\" class=\"wp-caption-text\">Vue sur le lac aux Chevaux.<br \/> N 46\u00b045.214&prime; W 072\u00b049.898&prime;<\/figcaption><\/figure>\n<figure id=\"attachment_1575\" aria-describedby=\"caption-attachment-1575\" style=\"width: 640px\" class=\"wp-caption aligncenter\"><a href=\"\/wp-content\/uploads\/2017\/08\/DSCN2037.jpg\" rel=\"noopener noreferrer\"><img loading=\"lazy\" decoding=\"async\" class=\"wp-image-1575 size-large\" src=\"\/wp-content\/uploads\/2017\/08\/DSCN2037-1024x768.jpg\" alt=\"\" width=\"640\" height=\"480\" srcset=\"https:\/\/mahingan.les4as.ca\/wp-content\/uploads\/2017\/08\/DSCN2037-1024x768.jpg 1024w, https:\/\/mahingan.les4as.ca\/wp-content\/uploads\/2017\/08\/DSCN2037-300x225.jpg 300w, https:\/\/mahingan.les4as.ca\/wp-content\/uploads\/2017\/08\/DSCN2037-768x576.jpg 768w, https:\/\/mahingan.les4as.ca\/wp-content\/uploads\/2017\/08\/DSCN2037-360x270.jpg 360w, https:\/\/mahingan.les4as.ca\/wp-content\/uploads\/2017\/08\/DSCN2037.jpg 1200w\" sizes=\"auto, (max-width: 640px) 100vw, 640px\" \/><\/a><figcaption id=\"caption-attachment-1575\" class=\"wp-caption-text\">Une petite \u00eele au centre du lac aux Chevaux.<br \/> N 46\u00b045.214&prime; W 072\u00b049.898&prime;<\/figcaption><\/figure>\n<figure id=\"attachment_1577\" aria-describedby=\"caption-attachment-1577\" style=\"width: 640px\" class=\"wp-caption aligncenter\"><a href=\"\/wp-content\/uploads\/2017\/08\/DSCN2040.jpg\" rel=\"noopener noreferrer\"><img loading=\"lazy\" decoding=\"async\" class=\"wp-image-1577 size-large\" src=\"http:\/\/mahingan.mooo.com\/wp-content\/uploads\/2017\/08\/DSCN2040-1024x768.jpg\" alt=\"\" width=\"640\" height=\"480\" srcset=\"https:\/\/mahingan.les4as.ca\/wp-content\/uploads\/2017\/08\/DSCN2040-1024x768.jpg 1024w, https:\/\/mahingan.les4as.ca\/wp-content\/uploads\/2017\/08\/DSCN2040-300x225.jpg 300w, https:\/\/mahingan.les4as.ca\/wp-content\/uploads\/2017\/08\/DSCN2040-768x576.jpg 768w, https:\/\/mahingan.les4as.ca\/wp-content\/uploads\/2017\/08\/DSCN2040-360x270.jpg 360w, https:\/\/mahingan.les4as.ca\/wp-content\/uploads\/2017\/08\/DSCN2040.jpg 1200w\" sizes=\"auto, (max-width: 640px) 100vw, 640px\" \/><\/a><figcaption id=\"caption-attachment-1577\" class=\"wp-caption-text\">Les fameuses chaises rouges du parc national du Canada de la Mauricie.<br \/> N 46\u00b045.214&prime; W 072\u00b049.898&prime;<\/figcaption><\/figure>\n<figure id=\"attachment_1578\" aria-describedby=\"caption-attachment-1578\" style=\"width: 640px\" class=\"wp-caption aligncenter\"><a href=\"\/wp-content\/uploads\/2017\/08\/DSCN2041.jpg\" rel=\"noopener noreferrer\"><img loading=\"lazy\" decoding=\"async\" class=\"wp-image-1578 size-large\" src=\"http:\/\/mahingan.mooo.com\/wp-content\/uploads\/2017\/08\/DSCN2041-1024x768.jpg\" alt=\"\" width=\"640\" height=\"480\" srcset=\"https:\/\/mahingan.les4as.ca\/wp-content\/uploads\/2017\/08\/DSCN2041-1024x768.jpg 1024w, https:\/\/mahingan.les4as.ca\/wp-content\/uploads\/2017\/08\/DSCN2041-300x225.jpg 300w, https:\/\/mahingan.les4as.ca\/wp-content\/uploads\/2017\/08\/DSCN2041-768x576.jpg 768w, https:\/\/mahingan.les4as.ca\/wp-content\/uploads\/2017\/08\/DSCN2041-360x270.jpg 360w, https:\/\/mahingan.les4as.ca\/wp-content\/uploads\/2017\/08\/DSCN2041.jpg 1200w\" sizes=\"auto, (max-width: 640px) 100vw, 640px\" \/><\/a><figcaption id=\"caption-attachment-1578\" class=\"wp-caption-text\">Les fameuses chaises rouges du parc national du Canada de la Mauricie.<br \/> N 46\u00b045.214&prime; W 072\u00b049.898&prime;<\/figcaption><\/figure>\n","protected":false},"excerpt":{"rendered":"<p>R\u00e9sum\u00e9 de la randonn\u00e9e Au pavillon de services du secteur Rivi\u00e8re-\u00e0-la-P\u00eache du parc national du Canada de la Mauricie, il est possible d\u2019explorer plusieurs sentiers p\u00e9destres qui sont tous de niveau interm\u00e9diaire. Sentier #13, Lac-Solitaire Sentier #14, Ruisseau-Bouchard Sentier #15, Lac-du-Pimbina Il y a aussi un petit sentier d\u2019environ 2 kilom\u00e8tres qui relie le camping du secteur Rivi\u00e8re-\u00e0-la-P\u00eache au pavillon de services. C\u2019est ce sentier que j\u2019emprunte lorsque j\u2019ai besoin d\u2019obtenir une connexion wi-fi. Notez que c\u2019est le seul endroit&#8230;<\/p>\n<p class=\"read-more\"><a class=\"btn btn-default\" href=\"https:\/\/mahingan.les4as.ca\/?page_id=1580\">Lire la suite<span class=\"screen-reader-text\"> Lire la suite<\/span><\/a><\/p>\n","protected":false},"author":1,"featured_media":1574,"parent":1459,"menu_order":0,"comment_status":"open","ping_status":"closed","template":"","meta":{"footnotes":""},"class_list":["post-1580","page","type-page","status-publish","has-post-thumbnail","hentry"],"_links":{"self":[{"href":"https:\/\/mahingan.les4as.ca\/index.php?rest_route=\/wp\/v2\/pages\/1580","targetHints":{"allow":["GET"]}}],"collection":[{"href":"https:\/\/mahingan.les4as.ca\/index.php?rest_route=\/wp\/v2\/pages"}],"about":[{"href":"https:\/\/mahingan.les4as.ca\/index.php?rest_route=\/wp\/v2\/types\/page"}],"author":[{"embeddable":true,"href":"https:\/\/mahingan.les4as.ca\/index.php?rest_route=\/wp\/v2\/users\/1"}],"replies":[{"embeddable":true,"href":"https:\/\/mahingan.les4as.ca\/index.php?rest_route=%2Fwp%2Fv2%2Fcomments&post=1580"}],"version-history":[{"count":23,"href":"https:\/\/mahingan.les4as.ca\/index.php?rest_route=\/wp\/v2\/pages\/1580\/revisions"}],"predecessor-version":[{"id":3252,"href":"https:\/\/mahingan.les4as.ca\/index.php?rest_route=\/wp\/v2\/pages\/1580\/revisions\/3252"}],"up":[{"embeddable":true,"href":"https:\/\/mahingan.les4as.ca\/index.php?rest_route=\/wp\/v2\/pages\/1459"}],"wp:featuredmedia":[{"embeddable":true,"href":"https:\/\/mahingan.les4as.ca\/index.php?rest_route=\/wp\/v2\/media\/1574"}],"wp:attachment":[{"href":"https:\/\/mahingan.les4as.ca\/index.php?rest_route=%2Fwp%2Fv2%2Fmedia&parent=1580"}],"curies":[{"name":"wp","href":"https:\/\/api.w.org\/{rel}","templated":true}]}}