{"id":1446,"date":"2017-07-27T10:31:38","date_gmt":"2017-07-27T14:31:38","guid":{"rendered":"http:\/\/mahingan.homenet.org\/wp\/?page_id=1446"},"modified":"2023-06-11T21:02:03","modified_gmt":"2023-06-12T01:02:03","slug":"sentiers-parcourus-et-articles-a-venir","status":"publish","type":"page","link":"https:\/\/mahingan.les4as.ca\/?page_id=1446","title":{"rendered":"Articles \u00e0 venir"},"content":{"rendered":"\n<!-- Les diff\u00e9rents \u00e9tats lors de la r\u00e9daction d'un article :\n\n<br><strong><span style=\"color: #ff0000;\"><em>Pr\u00e9sentement en r\u00e9daction (jour mois ann\u00e9e)<\/em><\/span><\/strong>\n\n<br><strong><span style=\"color: #ff6600;\"><em>Pr\u00e9sentement en r\u00e9vision (jour mois ann\u00e9e)<\/em><\/span><\/strong>\n\n<br><span style=\"color: #008000;\"><em>Disponible depuis le jour mois ann\u00e9e<\/em><\/span> -->\n\n\n\n<p>\nDurant la saison estivale, nous passons la plupart de notre temps libre \u00e0 parcourir les sentiers en for\u00eat. Il m\u2019est donc difficile de r\u00e9diger et de mettre en ligne rapidement les articles. J\u2019ai d\u00e9cid\u00e9 de pr\u00e9senter dans cette page une liste des sentiers que nous avons parcourus et pour lesquels je vais \u00e9crire \u00e9ventuellement un article. Consultez-la souvent, car la liste \u00e9voluera rapidement.\n\n<\/p>\n\n\n\n<h2 class=\"wp-block-heading has-text-align-left\">Parc national d&rsquo;Aiguebelle<\/h2>\n\n\n\n<ul class=\"wp-block-list\">\n<li>4 juillet 2022 : <a href=\"\/?p=7142\">Le sentier la Castori\u00e8re et la Salamandre<\/a><br><span style=\"color: #008000;\"><em>Disponible depuis le 13 f\u00e9vrier 2023<\/em><\/span><\/li>\n\n\n\n<li>6 juillet 2022 : <a href=\"\/?p=7202\">Les sentiers l&rsquo;Escalade et la Traverse<\/a><br><span style=\"color: #008000;\"><em>Disponible depuis le 25 f\u00e9vrier 2023<\/em><\/span><\/li>\n\n\n\n<li>8 juillet 2022 : <a href=\"\/?p=7195\">Le sentier le Mont Dominant<\/a><br><span style=\"color: #008000;\"><em>Disponible depuis le 1 mars 2023<\/em><\/span><\/li>\n\n\n\n<li>8 juillet 2022 : <a href=\"\/?p=7199\">Le sentier l&rsquo;\u00c9lan<\/a><br><span style=\"color: #008000;\"><em>Disponible depuis le 3 mars 2023<\/em><\/span><\/li>\n\n\n\n<li>9 juillet 2022 : <a href=\"\/?p=7407\">Le sentier le Garde-Feu<\/a><br><span style=\"color: #008000;\"><em>Disponible depuis le 9 mars 2023<\/em><\/span><\/li>\n\n\n\n<li>10 juillet 2022 : <a href=\"\/?p=7365\">Le sentier l&rsquo;Aventurier<\/a><br><span style=\"color: #008000;\"><em>Disponible depuis le 19 mars 2023<\/em><\/span><\/li>\n\n\n\n<li>13 juillet 2022 : <a href=\"\/?p=7440\">Les sentiers les Paysages et les Versants<\/a><br><span style=\"color: #008000;\"><em>Disponible depuis le 27 mars 2023<\/em><\/span><\/li>\n<\/ul>\n\n\n\n<h2 class=\"wp-block-heading has-text-align-left\">Parc national d&rsquo;Op\u00e9mican<\/h2>\n\n\n\n<ul class=\"wp-block-list\">\n<li>21 juillet 2022 : <a href=\"\/?p=7627\">Les sentiers des Piers et de la Prucheraie<\/a><br><span style=\"color: #008000;\"><em>Disponible depuis le 29 mars 2023<\/em><\/span><\/li>\n\n\n\n<li>22 juillet 2022 : <a href=\"\/?p=7672\">Le sentier l&rsquo;Inukshuk<\/a><br><span style=\"color: #008000;\"><em>Disponible depuis le 2 avril 2023<\/em><\/span><\/li>\n\n\n\n<li>22 juillet 2022 : <a href=\"\/?p=7674\">Le sentier la Paroi-aux-Facons<\/a><br><span style=\"color: #008000;\"><em>Disponible depuis le 10 avril 2023<\/em><\/span><\/li>\n\n\n\n<li>23 juillet 2022 : <a href=\"\/?p=7749\">Le sentier l&rsquo;Estacade<\/a><br><span style=\"color: #008000;\"><em>Disponible depuis le 19 avril 2023<\/em><\/span><\/li>\n\n\n\n<li>25 juillet 2022 : <a href=\"\/?p=7817\">Les sentiers du chemin Jodoin et des \u00c9claireurs<\/a><br><span style=\"color: #008000;\"><em>Disponible depuis le 24 avril 2023<\/em><\/span><\/li>\n\n\n\n<li>26 juillet 2022 : <a href=\"\/?p=7709\">Les sentiers la Grande-Chute et la rivi\u00e8re Kipawa<\/a><br><span style=\"color: #008000;\"><em>Disponible depuis le 2 mai 2023<\/em><\/span><\/li>\n<\/ul>\n\n\n\n<h2 class=\"wp-block-heading\">Parc national de la Mauricie<\/h2>\n\n\n\n<ul class=\"wp-block-list\">\n<li>12 ao\u00fbt 2022 : <a href=\"\/?p=7859\">Le sentier le lac Reid et le point d&rsquo;observation le Passage<\/a><br><span style=\"color: #008000;\"><em>Disponible depuis le 16 mai 2023<\/em><\/span><\/li>\n\n\n\n<li>13 ao\u00fbt 2022 : <a href=\"\/?p=7956\">Le sentier le lac Gabet<\/a><br><span style=\"color: #008000;\"><em>Disponible depuis le 19 mai 2023<\/em><\/span><\/li>\n\n\n\n<li>16 ao\u00fbt 2022 : <a href=\"\/?p=7994\">Le sentier la Terrasse<\/a><br><span style=\"color: #008000;\"><em>Disponible depuis le 26 mai 2023<\/em><\/span><\/li>\n\n\n\n<li>27 ao\u00fbt 2022 : <a href=\"\/?p=8029\">Le sentier Mekinac<\/a><br><span style=\"color: #008000;\"><em>Disponible depuis le 30 mai 2023<\/em><\/span><\/li>\n\n\n\n<li>28 ao\u00fbt 2022 : <a href=\"\/?p=8077\">Le sentier la Familiale<\/a><br><span style=\"color: #008000;\"><em>Disponible depuis le 31 mai 2023<\/em><\/span><\/li>\n\n\n\n<li>29 ao\u00fbt 2022 : <a href=\"\/?p=8093\">Le sentier la Cache<\/a><br><span style=\"color: #008000;\"><em>Disponible depuis le 2 juin 2023<\/em><\/span><\/li>\n\n\n\n<li>1 septembre 2022 : <a href=\"\/?p=8114\">Le sentier Ruisseau-Bouchard<\/a><br><span style=\"color: #008000;\"><em>Disponible depuis le 3 juin 2023<\/em><\/span><\/li>\n\n\n\n<li>3 septembre 2022 : Le <a href=\"\/?p=8205\">sentier le Lac-du-Pimbina<\/a><br><span style=\"color: #008000;\"><em>Disponible depuis le 10 juin 2023<\/em><\/span><\/li>\n\n\n\n<li>5 septembre 2022 : <a href=\"\/?p=8266\">Le sentier les Deux-Criques<\/a><br><span style=\"color: #008000;\"><em>Disponible depuis le 11 juin 2023<\/em><\/span><\/li>\n<\/ul>\n\n\n\n<h2 class=\"wp-block-heading\">Parc national du Mont-Tremblant<\/h2>\n\n\n\n<ul class=\"wp-block-list\">\n<li>5 octobre 2022 : <a href=\"\/?p=8307\">Le sentier le Lac-Poisson (les cascades)<\/a><br><span style=\"color: #008000;\"><em>Disponible depuis le 12 juin 2023<\/em><\/span><\/li>\n<\/ul>\n","protected":false},"excerpt":{"rendered":"<p>Durant la saison estivale, nous passons la plupart de notre temps libre \u00e0 parcourir les sentiers en for\u00eat. Il m\u2019est donc difficile de r\u00e9diger et de mettre en ligne rapidement les articles. J\u2019ai d\u00e9cid\u00e9 de pr\u00e9senter dans cette page une liste des sentiers que nous avons parcourus et pour lesquels je vais \u00e9crire \u00e9ventuellement un article. Consultez-la souvent, car la liste \u00e9voluera rapidement. Parc national d&rsquo;Aiguebelle Parc national d&rsquo;Op\u00e9mican Parc national de la Mauricie Parc national du Mont-Tremblant<\/p>\n","protected":false},"author":1,"featured_media":0,"parent":0,"menu_order":0,"comment_status":"closed","ping_status":"closed","template":"","meta":{"footnotes":""},"class_list":["post-1446","page","type-page","status-publish","hentry"],"_links":{"self":[{"href":"https:\/\/mahingan.les4as.ca\/index.php?rest_route=\/wp\/v2\/pages\/1446","targetHints":{"allow":["GET"]}}],"collection":[{"href":"https:\/\/mahingan.les4as.ca\/index.php?rest_route=\/wp\/v2\/pages"}],"about":[{"href":"https:\/\/mahingan.les4as.ca\/index.php?rest_route=\/wp\/v2\/types\/page"}],"author":[{"embeddable":true,"href":"https:\/\/mahingan.les4as.ca\/index.php?rest_route=\/wp\/v2\/users\/1"}],"replies":[{"embeddable":true,"href":"https:\/\/mahingan.les4as.ca\/index.php?rest_route=%2Fwp%2Fv2%2Fcomments&post=1446"}],"version-history":[{"count":377,"href":"https:\/\/mahingan.les4as.ca\/index.php?rest_route=\/wp\/v2\/pages\/1446\/revisions"}],"predecessor-version":[{"id":8398,"href":"https:\/\/mahingan.les4as.ca\/index.php?rest_route=\/wp\/v2\/pages\/1446\/revisions\/8398"}],"wp:attachment":[{"href":"https:\/\/mahingan.les4as.ca\/index.php?rest_route=%2Fwp%2Fv2%2Fmedia&parent=1446"}],"curies":[{"name":"wp","href":"https:\/\/api.w.org\/{rel}","templated":true}]}}

Articles à venir

<!-- Les différents états lors de la rédaction d'un article :

<br><strong><span style="color: #ff0000;"><em>Présentement en rédaction (jour mois année)</em></span></strong>

<br><strong><span style="color: #ff6600;"><em>Présentement en révision (jour mois année)</em></span></strong>

<br><span style="color: #008000;"><em>Disponible depuis le jour mois année</em></span> -->



<p>
Durant la saison estivale, nous passons la plupart de notre temps libre à parcourir les sentiers en forêt. Il m’est donc difficile de rédiger et de mettre en ligne rapidement les articles. J’ai décidé de présenter dans cette page une liste des sentiers que nous avons parcourus et pour lesquels je vais écrire éventuellement un article. Consultez-la souvent, car la liste évoluera rapidement.

</p>



<h2 class="wp-block-heading has-text-align-left">Parc national d&rsquo;Aiguebelle</h2>



<ul class="wp-block-list">
<li>4 juillet 2022 : <a href="/?p=7142">Le sentier la Castorière et la Salamandre</a><br><span style="color: #008000;"><em>Disponible depuis le 13 février 2023</em></span></li>



<li>6 juillet 2022 : <a href="/?p=7202">Les sentiers l&rsquo;Escalade et la Traverse</a><br><span style="color: #008000;"><em>Disponible depuis le 25 février 2023</em></span></li>



<li>8 juillet 2022 : <a href="/?p=7195">Le sentier le Mont Dominant</a><br><span style="color: #008000;"><em>Disponible depuis le 1 mars 2023</em></span></li>



<li>8 juillet 2022 : <a href="/?p=7199">Le sentier l&rsquo;Élan</a><br><span style="color: #008000;"><em>Disponible depuis le 3 mars 2023</em></span></li>



<li>9 juillet 2022 : <a href="/?p=7407">Le sentier le Garde-Feu</a><br><span style="color: #008000;"><em>Disponible depuis le 9 mars 2023</em></span></li>



<li>10 juillet 2022 : <a href="/?p=7365">Le sentier l&rsquo;Aventurier</a><br><span style="color: #008000;"><em>Disponible depuis le 19 mars 2023</em></span></li>



<li>13 juillet 2022 : <a href="/?p=7440">Les sentiers les Paysages et les Versants</a><br><span style="color: #008000;"><em>Disponible depuis le 27 mars 2023</em></span></li>
</ul>



<h2 class="wp-block-heading has-text-align-left">Parc national d&rsquo;Opémican</h2>



<ul class="wp-block-list">
<li>21 juillet 2022 : <a href="/?p=7627">Les sentiers des Piers et de la Prucheraie</a><br><span style="color: #008000;"><em>Disponible depuis le 29 mars 2023</em></span></li>



<li>22 juillet 2022 : <a href="/?p=7672">Le sentier l&rsquo;Inukshuk</a><br><span style="color: #008000;"><em>Disponible depuis le 2 avril 2023</em></span></li>



<li>22 juillet 2022 : <a href="/?p=7674">Le sentier la Paroi-aux-Facons</a><br><span style="color: #008000;"><em>Disponible depuis le 10 avril 2023</em></span></li>



<li>23 juillet 2022 : <a href="/?p=7749">Le sentier l&rsquo;Estacade</a><br><span style="color: #008000;"><em>Disponible depuis le 19 avril 2023</em></span></li>



<li>25 juillet 2022 : <a href="/?p=7817">Les sentiers du chemin Jodoin et des Éclaireurs</a><br><span style="color: #008000;"><em>Disponible depuis le 24 avril 2023</em></span></li>



<li>26 juillet 2022 : <a href="/?p=7709">Les sentiers la Grande-Chute et la rivière Kipawa</a><br><span style="color: #008000;"><em>Disponible depuis le 2 mai 2023</em></span></li>
</ul>



<h2 class="wp-block-heading">Parc national de la Mauricie</h2>



<ul class="wp-block-list">
<li>12 août 2022 : <a href="/?p=7859">Le sentier le lac Reid et le point d&rsquo;observation le Passage</a><br><span style="color: #008000;"><em>Disponible depuis le 16 mai 2023</em></span></li>



<li>13 août 2022 : <a href="/?p=7956">Le sentier le lac Gabet</a><br><span style="color: #008000;"><em>Disponible depuis le 19 mai 2023</em></span></li>



<li>16 août 2022 : <a href="/?p=7994">Le sentier la Terrasse</a><br><span style="color: #008000;"><em>Disponible depuis le 26 mai 2023</em></span></li>



<li>27 août 2022 : <a href="/?p=8029">Le sentier Mekinac</a><br><span style="color: #008000;"><em>Disponible depuis le 30 mai 2023</em></span></li>



<li>28 août 2022 : <a href="/?p=8077">Le sentier la Familiale</a><br><span style="color: #008000;"><em>Disponible depuis le 31 mai 2023</em></span></li>



<li>29 août 2022 : <a href="/?p=8093">Le sentier la Cache</a><br><span style="color: #008000;"><em>Disponible depuis le 2 juin 2023</em></span></li>



<li>1 septembre 2022 : <a href="/?p=8114">Le sentier Ruisseau-Bouchard</a><br><span style="color: #008000;"><em>Disponible depuis le 3 juin 2023</em></span></li>



<li>3 septembre 2022 : Le <a href="/?p=8205">sentier le Lac-du-Pimbina</a><br><span style="color: #008000;"><em>Disponible depuis le 10 juin 2023</em></span></li>



<li>5 septembre 2022 : <a href="/?p=8266">Le sentier les Deux-Criques</a><br><span style="color: #008000;"><em>Disponible depuis le 11 juin 2023</em></span></li>
</ul>



<h2 class="wp-block-heading">Parc national du Mont-Tremblant</h2>



<ul class="wp-block-list">
<li>5 octobre 2022 : <a href="/?p=8307">Le sentier le Lac-Poisson (les cascades)</a><br><span style="color: #008000;"><em>Disponible depuis le 12 juin 2023</em></span></li>
</ul>

<p>Durant la saison estivale, nous passons la plupart de notre temps libre à parcourir les sentiers en forêt. Il m’est donc difficile de rédiger et de mettre en ligne rapidement les articles. J’ai décidé de présenter dans cette page une liste des sentiers que nous avons parcourus et pour lesquels je vais écrire éventuellement un article. Consultez-la souvent, car la liste évoluera rapidement. Parc national d&rsquo;Aiguebelle Parc national d&rsquo;Opémican Parc national de la Mauricie Parc national du Mont-Tremblant</p>
